{"id":309,"date":"2021-04-23T14:40:40","date_gmt":"2021-04-23T14:40:40","guid":{"rendered":"https:\/\/www.lightxone.de\/?page_id=309"},"modified":"2024-02-13T15:19:23","modified_gmt":"2024-02-13T15:19:23","slug":"xone-twl","status":"publish","type":"page","link":"https:\/\/www.lightxone.de\/index.php\/xone-twl\/","title":{"rendered":"XONE ALEGRA Stehleuchte"},"content":{"rendered":"\t\t<div data-elementor-type=\"wp-page\" data-elementor-id=\"309\" class=\"elementor elementor-309\" data-elementor-post-type=\"page\">\n\t\t\t\t\t\t<section class=\"elementor-section elementor-top-section elementor-element elementor-element-64d304ab elementor-section-full_width elementor-section-height-default elementor-section-height-default\" data-id=\"64d304ab\" data-element_type=\"section\">\n\t\t\t\t\t\t<div class=\"elementor-container elementor-column-gap-no\">\n\t\t\t\t\t<div class=\"elementor-column elementor-col-100 elementor-top-column elementor-element elementor-element-7a266dc6\" data-id=\"7a266dc6\" data-element_type=\"column\">\n\t\t\t<div class=\"elementor-widget-wrap elementor-element-populated\">\n\t\t\t\t\t\t<div class=\"elementor-element elementor-element-4e11534e elementor-widget elementor-widget-image\" data-id=\"4e11534e\" data-element_type=\"widget\" data-widget_type=\"image.default\">\n\t\t\t\t<div class=\"elementor-widget-container\">\n\t\t\t\t\t\t\t\t\t\t\t\t\t\t\t<img fetchpriority=\"high\" decoding=\"async\" width=\"800\" height=\"447\" src=\"https:\/\/www.lightxone.de\/wp-content\/uploads\/2022\/02\/Header_Xone_Alegra-1024x572.jpg\" class=\"attachment-large size-large wp-image-1666\" alt=\"\" srcset=\"https:\/\/www.lightxone.de\/wp-content\/uploads\/2022\/02\/Header_Xone_Alegra-1024x572.jpg 1024w, https:\/\/www.lightxone.de\/wp-content\/uploads\/2022\/02\/Header_Xone_Alegra-300x168.jpg 300w, https:\/\/www.lightxone.de\/wp-content\/uploads\/2022\/02\/Header_Xone_Alegra-768x429.jpg 768w, https:\/\/www.lightxone.de\/wp-content\/uploads\/2022\/02\/Header_Xone_Alegra.jpg 1450w\" sizes=\"(max-width: 800px) 100vw, 800px\" \/>\t\t\t\t\t\t\t\t\t\t\t\t\t\t\t<\/div>\n\t\t\t\t<\/div>\n\t\t\t\t\t<\/div>\n\t\t<\/div>\n\t\t\t\t\t<\/div>\n\t\t<\/section>\n\t\t\t\t<section class=\"elementor-section elementor-top-section elementor-element elementor-element-6d4de415 elementor-section-height-min-height elementor-section-items-stretch elementor-section-boxed elementor-section-height-default\" data-id=\"6d4de415\" data-element_type=\"section\" id=\"uppage\" data-settings=\"{&quot;background_background&quot;:&quot;classic&quot;}\">\n\t\t\t\t\t\t<div class=\"elementor-container elementor-column-gap-default\">\n\t\t\t\t\t<div class=\"elementor-column elementor-col-50 elementor-top-column elementor-element elementor-element-20ac2d12\" data-id=\"20ac2d12\" data-element_type=\"column\">\n\t\t\t<div class=\"elementor-widget-wrap elementor-element-populated\">\n\t\t\t\t\t\t<div class=\"elementor-element elementor-element-77f0bd26 elementor-widget elementor-widget-heading\" data-id=\"77f0bd26\" data-element_type=\"widget\" data-widget_type=\"heading.default\">\n\t\t\t\t<div class=\"elementor-widget-container\">\n\t\t\t\t\t<h2 class=\"elementor-heading-title elementor-size-default\">XONE ALEGRA <\/h2>\t\t\t\t<\/div>\n\t\t\t\t<\/div>\n\t\t\t\t<div class=\"elementor-element elementor-element-71e92538 elementor-widget elementor-widget-heading\" data-id=\"71e92538\" data-element_type=\"widget\" data-widget_type=\"heading.default\">\n\t\t\t\t<div class=\"elementor-widget-container\">\n\t\t\t\t\t<h2 class=\"elementor-heading-title elementor-size-default\">Stehleuchte<\/h2>\t\t\t\t<\/div>\n\t\t\t\t<\/div>\n\t\t\t\t<div class=\"elementor-element elementor-element-753b4d55 elementor-widget elementor-widget-heading\" data-id=\"753b4d55\" data-element_type=\"widget\" data-widget_type=\"heading.default\">\n\t\t\t\t<div class=\"elementor-widget-container\">\n\t\t\t\t\t<h2 class=\"elementor-heading-title elementor-size-default\">Artikel-Nr.: BEL.0500\n\n<\/h2>\t\t\t\t<\/div>\n\t\t\t\t<\/div>\n\t\t\t\t<div class=\"elementor-element elementor-element-e5a7f91 elementor-widget__width-initial elementor-widget elementor-widget-heading\" data-id=\"e5a7f91\" data-element_type=\"widget\" data-widget_type=\"heading.default\">\n\t\t\t\t<div class=\"elementor-widget-container\">\n\t\t\t\t\t<h2 class=\"elementor-heading-title elementor-size-default\">silbergrau, \u00e4hnlich RAL 9006\n\n\n<\/h2>\t\t\t\t<\/div>\n\t\t\t\t<\/div>\n\t\t\t\t<div class=\"elementor-element elementor-element-8627ad1 elementor-widget elementor-widget-heading\" data-id=\"8627ad1\" data-element_type=\"widget\" data-widget_type=\"heading.default\">\n\t\t\t\t<div class=\"elementor-widget-container\">\n\t\t\t\t\t<h2 class=\"elementor-heading-title elementor-size-default\">Artikel-Nr.: BEL.0501\n\n<\/h2>\t\t\t\t<\/div>\n\t\t\t\t<\/div>\n\t\t\t\t<div class=\"elementor-element elementor-element-4c943f5 elementor-widget__width-initial elementor-widget elementor-widget-heading\" data-id=\"4c943f5\" data-element_type=\"widget\" data-widget_type=\"heading.default\">\n\t\t\t\t<div class=\"elementor-widget-container\">\n\t\t\t\t\t<h2 class=\"elementor-heading-title elementor-size-default\">wei\u00df, \u00e4hnlich RAL 9016\n\n\n<\/h2>\t\t\t\t<\/div>\n\t\t\t\t<\/div>\n\t\t\t\t<div class=\"elementor-element elementor-element-772e7678 elementor-widget elementor-widget-text-editor\" data-id=\"772e7678\" data-element_type=\"widget\" data-widget_type=\"text-editor.default\">\n\t\t\t\t<div class=\"elementor-widget-container\">\n\t\t\t\t\t\t\t\t\t<ul><li class=\"p1\">Stehleuchte direkt \/ indirekt strahlend<\/li><li class=\"p1\">stufenlos synchron schalt- und dimmbar<\/li><li class=\"p1\">Mikroprismenabdeckung<\/li><li class=\"p1\">Farbtemperatur 3000 &#8211; 6000 K individuell einstellbar<\/li><li class=\"p1\">mit integriertem Pr\u00e4senz- und Tageslichtsensor<\/li><li class=\"p1\">Touch Bedienpanel mit Memory Funktion<\/li><\/ul>\t\t\t\t\t\t\t\t<\/div>\n\t\t\t\t<\/div>\n\t\t\t\t\t<\/div>\n\t\t<\/div>\n\t\t\t\t<div class=\"elementor-column elementor-col-50 elementor-top-column elementor-element elementor-element-5c868297\" data-id=\"5c868297\" data-element_type=\"column\">\n\t\t\t<div class=\"elementor-widget-wrap elementor-element-populated\">\n\t\t\t\t\t\t<div class=\"elementor-element elementor-element-7101ddc7 elementor-widget elementor-widget-image\" data-id=\"7101ddc7\" data-element_type=\"widget\" data-widget_type=\"image.default\">\n\t\t\t\t<div class=\"elementor-widget-container\">\n\t\t\t\t\t\t\t\t\t\t\t\t\t\t\t<img decoding=\"async\" width=\"720\" height=\"964\" src=\"https:\/\/www.lightxone.de\/wp-content\/uploads\/2021\/04\/XONE-TWL.jpg\" class=\"attachment-large size-large wp-image-443\" alt=\"\" srcset=\"https:\/\/www.lightxone.de\/wp-content\/uploads\/2021\/04\/XONE-TWL.jpg 720w, https:\/\/www.lightxone.de\/wp-content\/uploads\/2021\/04\/XONE-TWL-224x300.jpg 224w\" sizes=\"(max-width: 720px) 100vw, 720px\" \/>\t\t\t\t\t\t\t\t\t\t\t\t\t\t\t<\/div>\n\t\t\t\t<\/div>\n\t\t\t\t\t<\/div>\n\t\t<\/div>\n\t\t\t\t\t<\/div>\n\t\t<\/section>\n\t\t\t\t<section class=\"elementor-section elementor-top-section elementor-element elementor-element-449edbdb elementor-section-content-middle elementor-section-boxed elementor-section-height-default elementor-section-height-default\" data-id=\"449edbdb\" data-element_type=\"section\" data-settings=\"{&quot;background_background&quot;:&quot;classic&quot;}\">\n\t\t\t\t\t\t<div class=\"elementor-container elementor-column-gap-no\">\n\t\t\t\t\t<div class=\"elementor-column elementor-col-100 elementor-top-column elementor-element elementor-element-7b29ad8c\" data-id=\"7b29ad8c\" data-element_type=\"column\">\n\t\t\t<div class=\"elementor-widget-wrap elementor-element-populated\">\n\t\t\t\t\t\t<div class=\"elementor-element elementor-element-492828dd elementor-widget elementor-widget-heading\" data-id=\"492828dd\" data-element_type=\"widget\" data-widget_type=\"heading.default\">\n\t\t\t\t<div class=\"elementor-widget-container\">\n\t\t\t\t\t<h4 class=\"elementor-heading-title elementor-size-default\">Licht ist des J\u00e4gers Gl\u00fcck<\/h4>\t\t\t\t<\/div>\n\t\t\t\t<\/div>\n\t\t\t\t<div class=\"elementor-element elementor-element-6856c808 elementor-widget elementor-widget-heading\" data-id=\"6856c808\" data-element_type=\"widget\" data-widget_type=\"heading.default\">\n\t\t\t\t<div class=\"elementor-widget-container\">\n\t\t\t\t\t<h5 class=\"elementor-heading-title elementor-size-default\">So sch\u00f6n kann Licht sein:<\/h5>\t\t\t\t<\/div>\n\t\t\t\t<\/div>\n\t\t\t\t<section class=\"elementor-section elementor-inner-section elementor-element elementor-element-38b1852a elementor-section-content-middle elementor-section-boxed elementor-section-height-default elementor-section-height-default\" data-id=\"38b1852a\" data-element_type=\"section\">\n\t\t\t\t\t\t<div class=\"elementor-container elementor-column-gap-no\">\n\t\t\t\t\t<div class=\"elementor-column elementor-col-50 elementor-inner-column elementor-element elementor-element-213daf37\" data-id=\"213daf37\" data-element_type=\"column\">\n\t\t\t<div class=\"elementor-widget-wrap elementor-element-populated\">\n\t\t\t\t\t\t<div class=\"elementor-element elementor-element-76a24180 elementor-position-top elementor-widget elementor-widget-image-box\" data-id=\"76a24180\" data-element_type=\"widget\" data-widget_type=\"image-box.default\">\n\t\t\t\t<div class=\"elementor-widget-container\">\n\t\t\t\t\t<div class=\"elementor-image-box-wrapper\"><figure class=\"elementor-image-box-img\"><img decoding=\"async\" width=\"595\" height=\"893\" src=\"https:\/\/www.lightxone.de\/wp-content\/uploads\/2022\/02\/Alegra-weiss-Studio.jpg\" class=\"attachment-full size-full wp-image-1539\" alt=\"\" srcset=\"https:\/\/www.lightxone.de\/wp-content\/uploads\/2022\/02\/Alegra-weiss-Studio.jpg 595w, https:\/\/www.lightxone.de\/wp-content\/uploads\/2022\/02\/Alegra-weiss-Studio-200x300.jpg 200w\" sizes=\"(max-width: 595px) 100vw, 595px\" \/><\/figure><div class=\"elementor-image-box-content\"><p class=\"elementor-image-box-description\">XONE Alegra Stehleuchte<\/p><\/div><\/div>\t\t\t\t<\/div>\n\t\t\t\t<\/div>\n\t\t\t\t\t<\/div>\n\t\t<\/div>\n\t\t\t\t<div class=\"elementor-column elementor-col-50 elementor-inner-column elementor-element elementor-element-fdb11d3\" data-id=\"fdb11d3\" data-element_type=\"column\">\n\t\t\t<div class=\"elementor-widget-wrap elementor-element-populated\">\n\t\t\t\t\t\t<div class=\"elementor-element elementor-element-7d3cbf8d elementor-position-top elementor-widget elementor-widget-image-box\" data-id=\"7d3cbf8d\" data-element_type=\"widget\" data-widget_type=\"image-box.default\">\n\t\t\t\t<div class=\"elementor-widget-container\">\n\t\t\t\t\t<div class=\"elementor-image-box-wrapper\"><figure class=\"elementor-image-box-img\"><img loading=\"lazy\" decoding=\"async\" width=\"575\" height=\"731\" src=\"https:\/\/www.lightxone.de\/wp-content\/uploads\/2022\/02\/Alegra-weiss_A4.jpg\" class=\"attachment-full size-full wp-image-1534\" alt=\"\" srcset=\"https:\/\/www.lightxone.de\/wp-content\/uploads\/2022\/02\/Alegra-weiss_A4.jpg 575w, https:\/\/www.lightxone.de\/wp-content\/uploads\/2022\/02\/Alegra-weiss_A4-236x300.jpg 236w\" sizes=\"(max-width: 575px) 100vw, 575px\" \/><\/figure><\/div>\t\t\t\t<\/div>\n\t\t\t\t<\/div>\n\t\t\t\t\t<\/div>\n\t\t<\/div>\n\t\t\t\t\t<\/div>\n\t\t<\/section>\n\t\t\t\t<section class=\"elementor-section elementor-inner-section elementor-element elementor-element-4eefae72 elementor-section-content-middle elementor-section-boxed elementor-section-height-default elementor-section-height-default\" data-id=\"4eefae72\" data-element_type=\"section\">\n\t\t\t\t\t\t<div class=\"elementor-container elementor-column-gap-no\">\n\t\t\t\t\t<div class=\"elementor-column elementor-col-50 elementor-inner-column elementor-element elementor-element-59b409a5\" data-id=\"59b409a5\" data-element_type=\"column\">\n\t\t\t<div class=\"elementor-widget-wrap elementor-element-populated\">\n\t\t\t\t\t\t<div class=\"elementor-element elementor-element-4949d295 elementor-position-top elementor-widget elementor-widget-image-box\" data-id=\"4949d295\" data-element_type=\"widget\" data-widget_type=\"image-box.default\">\n\t\t\t\t<div class=\"elementor-widget-container\">\n\t\t\t\t\t<div class=\"elementor-image-box-wrapper\"><figure class=\"elementor-image-box-img\"><img loading=\"lazy\" decoding=\"async\" width=\"893\" height=\"595\" src=\"https:\/\/www.lightxone.de\/wp-content\/uploads\/2021\/04\/TWL-Dimmer.jpg\" class=\"attachment-full size-full wp-image-458\" alt=\"\" srcset=\"https:\/\/www.lightxone.de\/wp-content\/uploads\/2021\/04\/TWL-Dimmer.jpg 893w, https:\/\/www.lightxone.de\/wp-content\/uploads\/2021\/04\/TWL-Dimmer-300x200.jpg 300w, https:\/\/www.lightxone.de\/wp-content\/uploads\/2021\/04\/TWL-Dimmer-768x512.jpg 768w\" sizes=\"(max-width: 893px) 100vw, 893px\" \/><\/figure><div class=\"elementor-image-box-content\"><p class=\"elementor-image-box-description\">Touch Bedienpanel mit Memory Funktion<\/p><\/div><\/div>\t\t\t\t<\/div>\n\t\t\t\t<\/div>\n\t\t\t\t\t<\/div>\n\t\t<\/div>\n\t\t\t\t<div class=\"elementor-column elementor-col-50 elementor-inner-column elementor-element elementor-element-79715fee\" data-id=\"79715fee\" data-element_type=\"column\">\n\t\t\t<div class=\"elementor-widget-wrap elementor-element-populated\">\n\t\t\t\t\t\t<div class=\"elementor-element elementor-element-7aa1fd1c elementor-position-top elementor-widget elementor-widget-image-box\" data-id=\"7aa1fd1c\" data-element_type=\"widget\" data-widget_type=\"image-box.default\">\n\t\t\t\t<div class=\"elementor-widget-container\">\n\t\t\t\t\t<div class=\"elementor-image-box-wrapper\"><figure class=\"elementor-image-box-img\"><img loading=\"lazy\" decoding=\"async\" width=\"893\" height=\"595\" src=\"https:\/\/www.lightxone.de\/wp-content\/uploads\/2021\/04\/TWL-Licht.jpg\" class=\"attachment-full size-full wp-image-456\" alt=\"\" srcset=\"https:\/\/www.lightxone.de\/wp-content\/uploads\/2021\/04\/TWL-Licht.jpg 893w, https:\/\/www.lightxone.de\/wp-content\/uploads\/2021\/04\/TWL-Licht-300x200.jpg 300w, https:\/\/www.lightxone.de\/wp-content\/uploads\/2021\/04\/TWL-Licht-768x512.jpg 768w\" sizes=\"(max-width: 893px) 100vw, 893px\" \/><\/figure><div class=\"elementor-image-box-content\"><p class=\"elementor-image-box-description\">Mikroprismenabdeckung<\/p><\/div><\/div>\t\t\t\t<\/div>\n\t\t\t\t<\/div>\n\t\t\t\t\t<\/div>\n\t\t<\/div>\n\t\t\t\t\t<\/div>\n\t\t<\/section>\n\t\t\t\t\t<\/div>\n\t\t<\/div>\n\t\t\t\t\t<\/div>\n\t\t<\/section>\n\t\t\t\t<\/div>\n\t\t","protected":false},"excerpt":{"rendered":"<p>XONE ALEGRA Stehleuchte Artikel-Nr.: BEL.0500 silbergrau, \u00e4hnlich RAL 9006 Artikel-Nr.: BEL.0501 wei\u00df, \u00e4hnlich RAL 9016 Stehleuchte direkt \/ indirekt strahlend stufenlos synchron schalt- und dimmbar Mikroprismenabdeckung Farbtemperatur 3000 &#8211; 6000 K individuell einstellbar mit integriertem Pr\u00e4senz- und Tageslichtsensor Touch Bedienpanel mit Memory Funktion Licht ist des J\u00e4gers Gl\u00fcck So sch\u00f6n kann Licht sein: XONE Alegra [&hellip;]<\/p>\n","protected":false},"author":1,"featured_media":0,"parent":0,"menu_order":0,"comment_status":"closed","ping_status":"closed","template":"elementor_header_footer","meta":{"footnotes":""},"class_list":["post-309","page","type-page","status-publish","hentry"],"_links":{"self":[{"href":"https:\/\/www.lightxone.de\/index.php\/wp-json\/wp\/v2\/pages\/309","targetHints":{"allow":["GET"]}}],"collection":[{"href":"https:\/\/www.lightxone.de\/index.php\/wp-json\/wp\/v2\/pages"}],"about":[{"href":"https:\/\/www.lightxone.de\/index.php\/wp-json\/wp\/v2\/types\/page"}],"author":[{"embeddable":true,"href":"https:\/\/www.lightxone.de\/index.php\/wp-json\/wp\/v2\/users\/1"}],"replies":[{"embeddable":true,"href":"https:\/\/www.lightxone.de\/index.php\/wp-json\/wp\/v2\/comments?post=309"}],"version-history":[{"count":75,"href":"https:\/\/www.lightxone.de\/index.php\/wp-json\/wp\/v2\/pages\/309\/revisions"}],"predecessor-version":[{"id":2241,"href":"https:\/\/www.lightxone.de\/index.php\/wp-json\/wp\/v2\/pages\/309\/revisions\/2241"}],"wp:attachment":[{"href":"https:\/\/www.lightxone.de\/index.php\/wp-json\/wp\/v2\/media?parent=309"}],"curies":[{"name":"wp","href":"https:\/\/api.w.org\/{rel}","templated":true}]}}